-123cc
What is 172 (base 8) in base 11?
101
6ba (base 15) to base 13
904
-3966 (base 12) to base 13
-2ca6
Convert -5503 (base 12) to base 5.
-244423
Convert 6420 (base 7) to base 2.
100011011100
What is -a78 (base 11) in base 13?
-788
Convert -310101 (base 4) to base 15.
-ed0
-111102 (base 5) to base 14
-15ca
Convert 505 (base 9) to base 10.
410
20010201 (base 3) to base 10
4474
What is -cd8 (base 15) in base 2?
-101101010111
-220a8 (base 13) to base 15
-13404
Convert 1333221 (base 4) to base 13.
3945
Convert -1001211221 (base 3) to base 9.
-31757
Convert -817 (base 11) to base 7.
-2606
What is 6 (base 11) in base 13?
6
Convert 1108 (base 9) to base 6.
3442
Convert 85 (base 16) to base 6.
341
-609 (base 10) to base 11
-504
-3306 (base 7) to base 15
-53c
Convert 11110010110010 (base 2) to base 5.
444123
-a4b (base 16) to base 5
-41020
What is -2077 (base 9) in base 10?
-1528
What is 1099 (base 10) in base 6?
5031
-a310 (base 11) to base 4
-3111310
What is 1330 (base 4) in base 15?
84
What is -1016b (base 12) in base 3?
-1001202102
What is 12301 (base 7) in base 10?
3235
What is -1100120 (base 3) in base 4?
-33123
What is -14302 (base 5) in base 14?
-61c
What is -3352 (base 9) in base 15?
-b02
Convert 59ba (base 12) to base 5.
310303
Convert -1378 (base 9) to base 16.
-413
What is 13841 (base 10) in base 2?
11011000010001
What is 46620 (base 7) in base 13?
55aa
What is -17895 (base 10) in base 15?
-5480
-16ad (base 15) to base 14
-1ad2
-1ab9 (base 12) to base 13
-1677
What is -105 (base 16) in base 4?
-10011
-435 (base 10) to base 12
-303
Convert -100101001100 (base 2) to base 6.
-15004
-220333 (base 4) to base 5
-40443
Convert -3a2 (base 14) to base 7.
-2062
What is 708 (base 9) in base 3?
210022
What is 28 (base 14) in base 16?
24
-792 (base 10) to base 2
-1100011000
Convert 16182 (base 9) to base 2.
10101101010010
What is -115514 (base 6) in base 15?
-30e7
Convert -615 (base 7) to base 12.
-216
70 (base 10) to base 2
1000110
-10964 (base 10) to base 7
-43652
-84ac (base 13) to base 10
-18394
2131 (base 8) to base 2
10001011001
What is -1010011101110101 (base 2) in base 6?
-530245
-36333 (base 8) to base 15
-4939
What is -101 (base 7) in base 12?
-42
Convert d3 (base 15) to base 11.
170
d60 (base 16) to base 10
3424
-272 (base 14) to base 6
-2140
What is -201 (base 8) in base 11?
-108
20122 (base 4) to base 13
325
Convert 54 (base 16) to base 5.
314
38847 (base 9) to base 14
979c
Convert -25bb (base 12) to base 13.
-1c73
What is 265 (base 11) in base 4?
10321
-313 (base 13) to base 14
-295
-110001001011100 (base 2) to base 11
-17a11
-356 (base 12) to base 11
-413
Convert 2a491 (base 11) to base 6.
531520
-1252 (base 7) to base 8
-736
Convert -1211320 (base 4) to base 15.
-1dea
Convert -5c (base 13) to base 2.
-1001101
What is 7a79 (base 14) in base 11?
14a91
Convert -55c (base 14) to base 15.
-4ac
What is -122122 (base 3) in base 10?
-476
What is 667 (base 13) in base 9?
1451
Convert -1001111110 (base 2) to base 15.
-2c8
What is 20536 (base 7) in base 3?
20221221
-7312 (base 14) to base 16
-4d64
10661 (base 9) to base 13
3304
-2191b (base 12) to base 13
-17357
-31110 (base 4) to base 3
-1011120
Convert 12014 (base 5) to base 4.
31310
Convert 154525 (base 6) to base 10.
15317
Convert 34303 (base 6) to base 11.
3721
What is -6471 (base 9) in base 6?
-34014
Convert -107c9 (base 13) to base 5.
-1424114
100110100100 (base 2) to base 3
10101102
What is -939 (base 11) in base 6?
-5123
Convert 247 (base 15) to base 16.
205
-121122 (base 3) to base 13
-287
What is 5122 (base 6) in base 3?
1112212
What is -1120121 (base 4) in base 12?
-3335
What is -2236 (base 8) in base 10?
-1182
Convert 5172 (base 11) to base 13.
3174
What is b5c (base 15) in base 11?
1a1a
969 (base 12) to base 4
111201
Convert -10444 (base 11) to base 8.
-35505
-1205150 (base 6) to base 14
-19134
-2326 (base 9) to base 14
-8b3
12330201 (base 4) to base 16
6f21
Convert -222ab (base 12) to base 10.
-45347
4645 (base 8) to base 5
34334
Convert -2313 (base 5) to base 12.
-239
Convert a2b6 (base 14) to base 15.
8462
Convert -7c3 (base 15) to base 9.
-2363
-1101001011 (base 2) to base 8
-1513
What is 1c515 (base 14) in base 8?
215227
Convert 47b (base 12) to base 9.
825
Convert -12a1 (base 11) to base 3.
-2022101
Convert -3532 (base 12) to base 16.
-1736
What is 38a4 (base 15) in base 6?
131531
What is 132401 (base 5) in base 3?
21100012
Convert 124150 (base 6) to base 13.
51b1
-129e (base 16) to base 5
-123031
-10011000000000 (base 2) to base 6
-113012
-115bc (base 13) to base 15
-9623
-21a96 (base 11) to base 5
-2010203
Convert 6107 (base 8) to base 4.
301013
What is -100412 (base 5) in base 9?
-4381
Convert 165244 (base 8) to base 13.
21458
Convert -f8d (base 16) to base 9.
-5413
Convert 1136 (base 7) to base 14.
21d
-1334331 (base 5) to base 2
-110101101001010
What is 1527 (base 15) in base 10?
4537
What is 910 (base 12) in base 6?
10020
-251650 (base 7) to base 6
-554151
What is 3102 (base 6) in base 8?
1256
-676 (base 10) to base 2
-1010100100
What is -1b32 (base 14) in base 2?
-1001101010000
Convert -10478 (base 10) to base 11.
-7966
What is 87 (base 11) in base 16?
5f
What is -5ed (base 16) in base 13?
-8c9
What is 16d6a (base 14) in base 4?
32002302
What is 130004 (base 7) in base 5?
1232024
What is -3cc (base 13) in base 14?
-363
1531 (base 16) to base 12
3181
What is 516 (base 10) in base 2?
1000000100
Convert -6c6 (base 14) to base 6.
-10130
What is 1001100011001 (base 2) in base 3?
20201002
Convert -70cb (base 16) to base 13.
-101b2
What is -52036 (base 8) in base 12?
-10566
Convert -6c67 (base 13) to base 2.
-11101110111111
What is -650 (base 7) in base 4?
-11021
What is -2116 (base 12) in base 6?
-24430
-12025 (base 6) to base 3
-2101122
What is 41524 (base 6) in base 5?
134341
3030 (base 4) to base 11
176
2114224 (base 5) to base 10
35564
Convert -4275 (base 9) to base 11.
-2400
-163632 (base 7) to base 14
-bc19
-330444 (base 6) to base 15
-81ad
What is 212301 (base 6) in base 12?
a091
Convert 362b (base 12) to base 2.
1011111000011
What is 51114 (base 6) in base 14?
2658
What is -7003 (base 8) in base 16?
-e03
What is -996 (base 10) in base 7?
-2622
8749 (base 12) to base 16
3a29
What is -121011 (base 7) in base 10?
-21960
What is -100100100 (base 2) in base 5?
-2132
What is 1243 (base 7) in base 3?
122111
211331 (base 6) to base 13
7a95
Convert -10430 (base 6) to base 7.
-4152
-4501 (base 6) to base 15
-49a
-5a (base 14) to base 8
-120
Convert 1785 (base 11) to base 13.
1059
What is 365360 (base 7) in base 2?
10000010010101011
Convert -10032 (base 11) to base 6.
-151540
What is -1011103 (base 4) in base 9?
-6067
What is -a03 (base 14) in base 15?
-8ad
Convert 4147 (base 13) to base 7.
35200
What is -10012022 (base 3) in base 15?
-a55
What is 25c (base 16) in base 10?
604
Convert 12384 (base 9) to base 11.
62a0
-101010010 (base 2) to base 6
-1322
What is -1212 (base 7) in base 8?
-702
Convert 4171 (base 14) to base 11.
8517
What is -6177 (base 9) in base 4?
-1012231
102214 (base 7) to base 13
8020
-6655 (base 9) to base 13
-2309
Convert 66719 (base 10) to base 9.
111462
What is 264 (base 16) in base 4?
21210
What is 4b77 (base 12) in base 3?
102210001
100102 (base 5) to base 12
19a8
What is -101bb (base 12) in base 9?
-31748
15115 (base 6) to base 5
34143
1d8 (base 15) to base 2
110101100
Convert 2121201120 (base 3) to base 15.
10423
-648b (base 12) to base 6
-123055
What is -105555 (base 6) in base 5?
-242241
Convert 17240 (base 8) to base 4.
1322200
Convert -152061 (base 7) to base 11.
-20216
What is 1231 (base 5) in base 7?
362
13395 (base 10) to base 3
200101010
What is 2112 (base 8) in base 14?
586
Convert 665d (base 14) to base 6.
214015
What is 1785a (base 14) in base 11?
40594
What is 247 (base 13) in base 5?
3042
2893 (base 13) to base 14
21d0
What is -cb (base 14) in base 8?
-263
What is -66d5 (base 15) in base 9?
-32812
3403 (base 6) to base 2
1100011011
-11100111111 (base 2) to base 12
-10a7
Convert -12614 (base 13) to base 16.
-84c2
What is 6f2 (base 16) in base 12?
1042
Convert -12111331 (base 4) to base 6.
-320141
-2568 (base 10) to base 6
-15520
-1313045 (base 6) to base 3
-10122201002
Convert 243 (base 15) to base 12.
369
Convert -22350 (base 7) to ba